nd 274?
137
Calculate the greatest common factor of 238 and 84.
14
What is the greatest common factor of 176 and 320?
16
Calculate the highest common factor of 202 and 1.
1
What is the greatest common divisor of 12792 and 1248?
312
Calculate the highest common factor of 18 and 2826.
18
Calculate the highest common factor of 168 and 462.
42
What is the highest common factor of 14 and 1386?
14
Calculate the highest common divisor of 1612 and 208.
52
Calculate the highest common factor of 42 and 138.
6
Calculate the highest common factor of 1690 and 10.
10
What is the highest common factor of 124 and 8?
4
Calculate the highest common factor of 176 and 132.
44
What is the greatest common factor of 192 and 144?
48
What is the greatest common factor of 1576 and 8?
8
What is the highest common divisor of 1326 and 102?
102
What is the greatest common factor of 156 and 84?
12
Calculate the greatest common divisor of 63 and 567.
63
Calculate the greatest common factor of 5 and 530.
5
Calculate the greatest common factor of 228 and 1558.
38
What is the greatest common factor of 30 and 1695?
15
What is the highest common factor of 34 and 799?
17
What is the highest common divisor of 7 and 287?
7
Calculate the highest common divisor of 1352 and 416.
104
What is the greatest common divisor of 4392 and 32?
8
What is the highest common factor of 994 and 84?
14
What is the highest common factor of 20 and 8660?
20
What is the highest common divisor of 20 and 36?
4
What is the greatest common factor of 176 and 784?
16
What is the greatest common divisor of 20320 and 96?
32
What is the highest common divisor of 6031 and 37?
37
What is the highest common divisor of 735 and 5635?
245
Calculate the highest common divisor of 150 and 2.
2
Calculate the greatest common divisor of 288 and 54.
18
What is the highest common divisor of 146 and 292?
146
Calculate the greatest common factor of 20 and 295.
5
What is the highest common factor of 167 and 3173?
167
Calculate the greatest common divisor of 850 and 19040.
170
What is the highest common divisor of 490 and 945?
35
Calculate the greatest common factor of 2920 and 73.
73
Calculate the highest common factor of 4 and 8.
4
Calculate the greatest common divisor of 2048 and 64.
64
What is the greatest common divisor of 14 and 1687?
7
Calculate the highest common factor of 1898 and 1606.
146
Calculate the greatest common factor of 282 and 2068.
94
Calculate the greatest common factor of 1650 and 198.
66
Calculate the greatest common factor of 18890 and 10.
10
What is the greatest common divisor of 94 and 2?
2
What is the highest common divisor of 22 and 682?
22
Calculate the highest common factor of 15832 and 64.
8
What is the highest common factor of 304 and 16?
16
Calculate the highest common divisor of 4 and 28.
4
Calculate the greatest common factor of 424 and 8.
8
Calculate the highest common factor of 11357 and 2493.
277
Calculate the highest common factor of 305 and 395.
5
Calculate the highest common factor of 6345 and 3243.
141
Calculate the greatest common divisor of 741 and 57.
57
What is the highest common factor of 3053 and 344?
43
Calculate the greatest common divisor of 1610 and 15.
5
Calculate the greatest common factor of 18 and 477.
9
Calculate the highest common divisor of 100 and 20.
20
Calculate the greatest common divisor of 33 and 14487.
33
What is the highest common factor of 14247 and 18?
9
Calculate the greatest common divisor of 10 and 280.
10
Calculate the greatest common divisor of 4718 and 126.
14
Calculate the highest common factor of 29 and 754.
29
What is the highest common factor of 79 and 79?
79
What is the greatest common divisor of 165 and 3825?
15
What is the greatest common factor of 115 and 1035?
115
Calculate the greatest common factor of 390 and 2613.
39
Calculate the greatest common divisor of 1691 and 801.
89
What is the highest common factor of 8208 and 216?
216
What is the greatest common factor of 1375 and 33?
11
What is the greatest common factor of 16 and 1024?
16
Calculate the highest common factor of 18 and 606.
6
Calculate the greatest common divisor of 135 and 10.
5
What is the greatest common divisor of 26 and 91?
13
What is the highest common divisor of 2537 and 1?
1
What is the greatest common divisor of 102 and 102?
102
What is the highest common factor of 8 and 16?
8
What is the highest common divisor of 142 and 1633?
71
Calculate the highest common divisor of 144 and 32.
16
Calculate the greatest common divisor of 295 and 8.
1
What is the greatest common factor of 247 and 931?
19
Calculate the greatest common factor of 376 and 517.
47
What is the highest common divisor of 68628 and 228?
228
Calculate the highest common factor of 11 and 9955.
11
What is the highest common divisor of 4 and 2564?
4
Calculate the highest common divisor of 1475 and 531.
59
Calculate the greatest common factor of 437 and 161.
23
Calculate the highest common factor of 1147 and 31.
31
Calculate the highest common factor of 3007 and 31.
31
What is the greatest common divisor of 59 and 3953?
59
Calculate the greatest common factor of 110 and 4015.
55
Calculate the greatest common divisor of 11 and 3047.
11
Calculate the greatest common divisor of 28 and 4.
4
What is the greatest common factor of 84 and 588?
84
What is the greatest common factor of 40 and 64?
8
What is the greatest common divisor of 2806 and 183?
61
What is the highest common divisor of 24 and 42?
6
Calculate the highest common factor of 189 and 459.
27
Calculate the highest common factor of 126 and 12.
6
Calculate the highest common factor of 68 and 34.
34
Calculate the highest common factor of 129 and 215.
43
What is the highest common divisor of 65 and 185?
5
What is the highest common divisor of 3 and 6?
3
What is the highest common divisor of 32 and 3616?
32
What is the highest common factor of 1494 and 126?
18
Calculate the greatest common factor of 253 and 704.
11
Calculate the highest common factor of 15 and 5838.
3
What is the highest common factor of 144 and 18?
18
What is the highest common factor of 7640 and 16?
8
Calculate the greatest common factor of 28 and 700.
28
Calculate the greatest common factor of 161 and 273.
7
What is the highest common factor of 32 and 736?
32
Calculate the greatest common divisor of 946 and 22.
22
Calculate the highest common factor of 19752 and 36.
12
Calculate the greatest common divisor of 2370 and 120.
30
Calculate the greatest common factor of 12 and 1128.
12
What is the highest common factor of 464 and 224?
16
What is the highest common factor of 17592 and 24?
24
Calculate the greatest common divisor of 17 and 5.
1
What is the greatest common factor of 176 and 110?
22
What is the highest common divisor of 396 and 24?
12
What is the greatest common divisor of 21038 and 134?
134
What is the greatest common factor of 78 and 1521?
39
What is the highest common divisor of 65 and 286?
13
Calculate the greatest common factor of 238 and 782.
34
What is the greatest common divisor of 30 and 2658?
6
Calculate the highest common divisor of 29 and 1247.
29
What is the greatest common factor of 19 and 133?
19
What is the highest common factor of 23 and 1472?
23
What is the highest common factor of 2300 and 138?
46
What is the highest common factor of 2867 and 47?
47
Calculate the highest common divisor of 1026 and 1296.
54
Calculate the greatest common factor of 77 and 2387.
77
What is the highest common factor of 75 and 120?
15
Calculate the highest common divisor of 176 and 176.
176
Calculate the greatest common factor of 100 and 500.
100
Calculate the greatest common divisor of 116 and 1404.
4
Calculate the greatest common divisor of 9763 and 39.
13
Calculate the greatest common divisor of 27489 and 34.
17
What is the greatest common factor of 30 and 3630?
30
Calculate the greatest common divisor of 656 and 2747.
41
Calculate the greatest common factor of 68 and 476.
68
What is the highest common factor of 93 and 86955?
93
Calculate the highest common divisor of 2992 and 704.
176
Calculate the highest common divisor of 36 and 99.
9
Calculate the highest common factor of 84 and 714.
42
What is the greatest common factor of 2618 and 1071?
119
Calculate the greatest common divisor of 32